he prime factors of j.
2, 37
Let q(t) = 101*t**2 + t - 41. What are the prime factors of q(-5)?
37, 67
Let j be (-3084)/(-10) + (-2)/5. Suppose -3*i + 2*i - 3*v = -146, -2*i + 2*v + j = 0. List the prime factors of i.
2, 19
Suppose 33*p - 65356 = -11995. List the prime factors of p.
3, 7, 11
Suppose 4*h - a + 4*a = 12, a - 4 = 4*h. Suppose 153 = 4*p - p. Suppose h = -5*k + p - 16. List the prime factors of k.
7
Let d = -134 + 136. Suppose -5*i = d*s - 5*s - 267, 53 = i - s. List the prime factors of i.
2, 3
Let s(j) = 416*j**3 - j**2 + 3*j - 2. What are the prime factors of s(1)?
2, 13
Suppose -85*r = -83*r. What are the prime factors of r + (-1 - 1) - (-861)/7?
11
Suppose 0 = -27*u - 9*u + 26532. What are the prime factors of u?
11, 67
Let m be 103*(-1)/(-2)*2. Let s(z) = -z**3 + z**2 + 4*z - 67. Let f be s(0). Let n = f + m. List the prime factors of n.
2, 3
Let x(m) = -m + 2. Let u be x(-2). Suppose -4*y + 166 = v, -u*y + 161 = v - y. Suppose -v = -3*s + a, 4*a = s + 5 - 72. List the prime factors of s.
47
Suppose 12*y + 6 - 54 = 0. What are the prime factors of (2/y)/(6/2088)?
2, 3, 29
Suppose 0*g - 4*i = 2*g - 3238, g - i = 1631. What are the prime factors of g?
1627
Let j = -233 + 242. Suppose p + 0 - 3 = 0. Suppose 0 = p*i - j - 6. What are the prime factors of i?
5
Let h(i) be the first derivative of 4*i**3 + i**2 + 2*i - 8. List the prime factors of h(-2).
2, 23
Let q be (3/9)/((-2)/(-30)). Suppose -q*a + 15 = -x - 4*x, -3*a - 5*x + 25 = 0. Suppose -4 - 95 = -5*t - 4*f, -94 = -a*t + f. What are the prime factors of t?
19
Let g be (-6)/(-3)*(-2 + 4). Let w(p) = -19*p + 5. Let h(q) = -9*q + 3. Let a(j) = -5*h(j) + 2*w(j). What are the prime factors of a(g)?
23
Let z(h) = h**3 - 14*h**2 + 14*h - 3. Let l be z(13). Let s = -12 - l. Let p = -8 - s. What are the prime factors of p?
2, 7
Suppose -6092 = -13*t - 216. Suppose -2*s = -t + 92. What are the prime factors of s?
2, 3, 5
Suppose -6*x - 15 = -3*x. Let h = x + 31. What are the prime factors of h?
2, 13
Suppose -3*u - 7*f + 294 = -9*f, 285 = 3*u + f. What are the prime factors of u?
2, 3
Let h be (-12)/27*36/(-8). What are the prime factors of (h - 166/(-4))*(-64)/(-48)?
2, 29
Let q = 1101 + -730. List the prime factors of q.
7, 53
Suppose 0 = -4*f - 2 + 18. Suppose 2*t - 2*r = f*t - 144, 5*t - 360 = -4*r. What are the prime factors of t?
2, 3
What are the prime factors of 120/(-25)*(-435)/12?
2, 3, 29
Let b = 28 + -28. Suppose b = 5*f - r - 34, 5*f + 4*r = f + 8. Let d(l) = 10*l - 11. List the prime factors of d(f).
7
What are the prime factors of 4/(-14) + (-16965)/(-63)?
269
Let j = 3596 - 1174. List the prime factors of j.
2, 7, 173
Suppose 2*i = -4*v - 0*v + 30, 0 = -2*i - v + 30. Suppose -i*z + 19*z = 32. What are the prime factors of z?
2
Let u = -341 - -843. What are the prime factors of u?
2, 251
Suppose 3*j = 64 + 104. Let m = 20 - 54. Let f = m + j. What are the prime factors of f?
2, 11
Suppose 12 = -5*f + 9*f. Suppose h - 181 = -f*l, -7*l + 6*l - 4*h + 42 = 0. List the prime factors of l.
2, 31
Suppose -687*c + 208 = -686*c. List the prime factors of c.
2, 13
Suppose -17*t + 3271 + 316 = 0. List the prime factors of t.
211
Let f be ((-12)/(-18))/((-2)/(-6)). Let z(d) = -2*d - f*d**2 - d + 4*d**2 - 6. List the prime factors of z(5).
29
Let y(o) = 151*o + 11. List the prime factors of y(4).
3, 5, 41
Suppose -8*h = -7*h - 362. List the prime factors of h.
2, 181
Let o(d) = -d - 1. Let r be o(-6). Suppose r*l = -8 + 23. Suppose 0 = -2*t - 2*t - 16, 63 = l*h - 3*t. List the prime factors of h.
17
Suppose -3*q + 2*b + 14 = 0, 2*b - 2 = 5*q + 5*b. Suppose 0 = -4*m - q*h - 20, m - 5*m + 3*h = 0. Let g(a) = -7*a - 6. List the prime factors of g(m).
3, 5
Suppose 14*n - 16*n = -5*g - 1635, 3*g = -4*n + 3231. List the prime factors of n.
2, 3, 5
Let r(l) be the second derivative of 3*l**3/2 + 5*l. List the prime factors of r(1).
3
Let w be 1 - 3/5 - (-168)/30. Let m(g) be the second derivative of g**4/12 - g**3/2 + 5*g**2/2 + g. List the prime factors of m(w).
23
Let w = 1102 + -307. Suppose -2*j = 2*n - 532, -4*n - w = -7*n - 4*j. What are the prime factors of n?
269
Suppose -4*y = 3*h + 2109, -h + 267 = -y - 262. Let q = y + 779. What are the prime factors of q?
251
Let n = 23 + -19. Let p be (-4 - -2)/((-2)/n). List the prime factors of (0 + -2)/(p/(-48)).
2, 3
Let x = -9 + 11. Let f(a) be the third derivative of a**4/2 + a**3 - 6*a**2. List the prime factors of f(x).
2, 3, 5
Suppose -12*f - 8 = -13*f. Suppose 3*s = f + 19. Suppose -61 = -2*c - s. List the prime factors of c.
2, 13
Let f be (-2)/(-9) - (-12)/(-54). Suppose j + 16 = 3*c + 198, f = -c - 1. Let s = j - 125. List the prime factors of s.
2, 3
Suppose 2*w = 4*w + 546. Let t = w + 382. List the prime factors of t.
109
Let f = 58 + -50. Let l = 66 - f. List the prime factors of l.
2, 29
Let v be (-26)/((3 - -1)/2). Let o be 9 + -1 - (-52)/v. Suppose 3*p - o - 62 = 0. List the prime factors of p.
2, 11
Let v(n) = 18*n**2 - 6*n**3 - 11*n**2 - 8*n**2 - 5*n**3. Suppose r - 1 = -2. List the prime factors of v(r).
2, 5
Let q(j) = j + 4. Let d be q(-4). Suppose 40*f - 18*f - 374 = 0. Suppose d = i - f - 15. List the prime factors of i.
2
Let o = 20 + -16. Let m = 86 - o. List the prime factors of m.
2, 41
Let a be -6*(-7)/(-3)*-7. Let r be (-1)/3 - a/(-42). Let s(q) = 2*q**3 - 2*q**2. List the prime factors of s(r).
2
Let r = 46 - -134. Suppose 0 = 9*q - 12*q + r. What are the prime factors of q?
2, 3, 5
Suppose -16*d = -18*d + 2. Let x(l) = 135*l**2 + l - 1. What are the prime factors of x(d)?
3, 5
List the prime factors of (-28384)/(-14) - (-22 - 1413/(-63)).
2027
Suppose -i = 6 - 145. Let d = -39 + i. What are the prime factors of d?
2, 5
Suppose 0 = -5*j - x + 10, 3*x - 1 + 3 = j. List the prime factors of 244*(j + (-15)/10).
2, 61
Let h(j) = -11*j**2 - j + 4. Let m(y) = -5*y**2 + 2. Let d(u) = -4*h(u) + 7*m(u). List the prime factors of d(2).
2, 3, 7
Suppose -2*l + 6*l + 5*i = 1644, -2*i = -l + 398. List the prime factors of l.
2, 7, 29
Let u be (4 + 1 + -5)/(-1). Suppose 8*k - 3*k + 448 = 4*m, -5*k = u. What are the prime factors of m?
2, 7
Let q(d) be the first derivative of d**4/4 - 3*d**3 + 5*d**2 + 6*d + 1. Suppose -u + 7 = -1. List the prime factors of q(u).
2, 11
Let y(i) = -3*i + 16. Let p be y(6). Let f be (-11 + 5)*2/(-4). List the prime factors of (-11 + p)/(-4 + f).
13
Let k = 122 - 125. What are the prime factors of (2/k)/(3/(-1233))?
2, 137
Suppose -6*u + 2*u = -152. Suppose 3*p = 3*t - 219, 4*t - 5*p - u - 252 = 0. List the prime factors of (8/(-10))/((-6)/t).
2, 5
What are the prime factors of (-1146)/4*9/((-54)/12)?
3, 191
Suppose 4*k - 262 = 2*k + 2*q, -4*q = k - 106. Suppose 0*w = -3*w + k. What are the prime factors of w?
2, 3, 7
Let m = 227 + -130. Let x = m + -52. What are the prime factors of x?
3, 5
Let w(u) = 181*u**2 - 2*u - 2. Let z be w(-1). Let o = 9 - 7. Suppose k + 47 = p - o*k, 5*p + 3*k - z = 0. List the prime factors of p.
2, 19
Let i(h) = 5*h**2 - 14*h - 30. What are the prime factors of i(-8)?
2, 3, 67
Let s(k) = -k**3 + 8*k**2 + k + 3. Let h be s(8). Let r(q) = 3*q - 2. Let o be r(3). Suppose -o*f - 48 = -h*f. What are the prime factors of f?
2, 3
Let d = -96 + 124. What are the prime factors of d/182 + (-8379)/(-39)?
5, 43
Suppose -68*h + 40*h = -71988. What are the prime factors of h?
3, 857
Let f(y) = -4*y**2 + 15 + 19*y + 0*y**2 - 8*y + 5*y**2. List the prime factors of f(-10).
5
Let s(w) = -2*w + 18. Suppose -3*y - 9 = 2*a, -2*y + 2 - 8 = 4*a. Let f be s(a). Let i = f + -10. List the prime factors of i.
2
Let s be ((-1)/(-2))/(17/102). What are the prime factors of ((-2)/s)/((-6)/207)?
23
Suppose -23*q = -2*f - 19*q + 5198, -q = 0. List the prime factors of f.
23, 113
Let p be -1 + (-4 - -4) - 7. List the prime factors of (-1158)/p - 3/(-4)*-1.
2, 3
Let a be (6*-1)/(4/(-12)). List the prime factors of 4/a - 1446/(-54).
3
Let z be 1/7 + 332/28. Suppose -2*u - z = -3*u. What are the prime factors of u?
2, 3
Let g = -3327 - -4733. List the prime factors of g.
2, 19, 37
Suppose 2*v = -4*a + 1672, 5*v - 7*a + 5*a - 4204 = 0. List the prime factors of v.
2, 3, 5, 7
Suppose 0 = 255*j - 243*j - 4680. What are the prime factors of j?
2, 3, 5, 13
Let n be (-2 + 2)/(2/2). Suppose n = -2*c 